b + 3*b**2 + 0 + 1/2*b**3 - 1/30*b**5. Let r be (-14 - -26)*13/(-52). Give j(r).
3
Let n(p) be the second derivative of p**6/360 + p**5/12 - 13*p**4/24 + 9*p**3 - p - 6. Let h(w) be the second derivative of n(w). What is h(-12)?
11
Let b(i) = 3*i - 1. Let t = 102 + -101. Suppose -n + t = -1. Determine b(n).
5
Suppose -4*x + 16 - 36 = 0. Let z(y) = 13*y**3 - 3*y**2 + y - 4. Let s(n) = -11*n**3 + 2*n**2 + 4. Let c(q) = x*z(q) - 6*s(q). What is c(-3)?
11
Let c(k) = 7*k**2 + 2*k + 1. Let s be c(-1). Let r(p) = -20*p**2 - 7*p - 8. Let u(j) = 13*j**2 + 6*j + 7. Let d(x) = -2*r(x) - 3*u(x). Give d(s).
7
Suppose 0 = 3*b - 4*t - 325 + 342, -2*b + 4 = 5*t. Let d(q) = 3*q**2 - 11*q + 12*q + 0 + 1. Give d(b).
25
Let z(u) = 2*u**2 - 3*u - 3. Suppose 7*h + 3*r - 7 = 3*h, -r - 3 = 0. Let j(l) = -4*l**2 - 2*l - 1. Let s be j(-1). Let d be s/h - (-3)/(-12)*-19. Give z(d).
17
Let y(r) be the third derivative of -4*r**6/15 + r**5/30 - r**4/24 - r**2 + 67*r. Let g be ((-12)/(-42))/(4*(-2)/(-28)). What is y(g)?
-31
Let q(u) = -2*u + 2. Suppose -3*y + 0*y = -4*c - 26, y + 3*c + 13 = 0. Suppose 2 = b - y*b. Determine q(b).
6
Let i = 9 - 5. Suppose -i = w - 5. Let x(n) = -61*n - 11. Let j(y) = 29*y + 5. Let s(b) = 13*j(b) + 6*x(b). What is s(w)?
10
Let i be 3*2/(-3) + (-24)/(-6). Let u(a) = -a**2 - a. Determine u(i).
-6
Suppose -180*g = 38*g - 1526. Let h(q) = -2*q**2 + 14*q - 2. What is h(g)?
-2
Suppose 5*g - 2*l - l = 5, -g = -3*l - 13. Let k(z) be the third derivative of 1/8*z**4 - 1/6*z**3 + 0*z + 0 + 1/60*z**5 - 87*z**2. What is k(g)?
-3
Let s(z) = 15*z**2 + 70 - 14*z**2 - 10*z + 0*z**2 + 29*z. Calculate s(-14).
0
Let s(m) = 6*m + 84. Let y be s(-10). Suppose -11 = q - 0*q + a, -4*q + a - y = 0. Let i(l) be the third derivative of l**4/24 + 3*l**3/2 - l**2. What is i(q)?
2
Let l(q) be the first derivative of q**3 - 5*q**2 - 50*q - 7289. Calculate l(-3).
7
Let v(c) be the third derivative of -3*c**4/8 - 155*c**3/6 + c**2 - 173. Give v(-18).
7
Suppose 2*m + 120 = 2*p - 52, 86 = -m - 4*p. Let v = m - -92. Let z(h) = h**3 - h + 0*h**3 + 2*h - 7 - 6*h**2. Determine z(v).
-1
Let y(j) = 2*j**3 - 2*j**2 - 2*j + 5. Suppose -429 = -9*t - 402. What is y(t)?
35
Let o be (2849/(-185) - -16)/((-1)/5). Suppose 6 = 2*j + 2. Let w(u) = -u**2 - 2*u + u**2 - u + 2*u**2 + j + u**3. What is w(o)?
2
Let h(w) be the second derivative of w**4/12 - 11*w**3/6 - 3*w**2/2 + 17*w + 1237. Suppose 6*d - 2*d - 32 = 0. Calculate h(d).
-27
Let m(v) = 28*v - 16. Let n be m(8). Suppose n*h = 212*h. Let i(c) = -4*c**3 + 14 - c + 3*c**3 + c**2 + 2*c. Give i(h).
14
Let d(y) be the third derivative of -y**5/30 - y**4/3 + 4*y**3/3 - 7552*y**2. What is d(5)?
-82
Let t be (4/(0 - 1))/((-4)/(-16)). Let p be 484/t + -1 + 9/(-12). Let g be 12/p - 20/32. Let f(k) = -3*k**3 + k**2. Calculate f(g).
4
Let j(a) = -a**3 - 51828*a**2 + 17276*a**2 + 4*a + 17275*a**2 - 1 + 17280*a**2. Let x(k) = -k - 1. Let w be x(-5). What is j(w)?
-1
Let k = 2707 - 2701. Suppose 2 + 4 = 3*l. Let j(s) = -2*s - k*s**l + s**2 + 0*s**2 + 3*s**2 + 1. Calculate j(1).
-3
Let b = 6512 + -6502. Let s(z) = z**3 - 8*z**2 - 22*z + 5. Give s(b).
-15
Let k be 1 - ((-1)/3)/((-404)/204 - -2). Let z(m) = m**3 - 18*m**2 + 4*m + 16. Calculate z(k).
88
Let t(k) = -k**2 + 2*k + 8. Let d(v) = -2*v**2 + 5*v + 15. Let q = 134 + -136. Let p(z) = q*d(z) + 5*t(z). Calculate p(0).
10
Let x(b) be the third derivative of 0*b - 160*b**2 + 0 + 1/4*b**4 - 1/60*b**5 - 5/6*b**3. Determine x(6).
-5
Let v(h) = h**3 - 5*h**2 + 5*h - 4. Suppose 0 = 4*n + 5*o + 12, 2*n + 8*o - 3*o = -16. Suppose 8 = n*a + 16*p - 14*p, -5*a = 2*p - 20. What is v(a)?
0
Let m(v) be the second derivative of -11/2*v**2 - 1/20*v**5 + 1/6*v**3 + 3 - 27*v - 1/12*v**4. Determine m(0).
-11
Let a(b) = -3*b**3 - 15*b**2 + 3*b + 12. Let c be a(-4). Let d be 0 + (-42*1 - -1). Let k = d - c. Let i(n) = -n**2 + 8*n - 1. What is i(k)?
6
Let r(n) = -17*n + 25. Let l = 7695 + -7695. What is r(l)?
25
Let g(d) = -8*d**3 + 2*d + 1. Suppose 3*w = -2*r - 733, -r - 356 = 3*w - 5*w. Let h = -363 - r. Give g(h).
7
Suppose 0 = 119*b - 28*b - 455. Let n(k) = 7*k + 5. What is n(b)?
40
Let x(m) = -m**2 + 7*m + 8. Let v = -1008 + 1017. Calculate x(v).
-10
Let k(b) = -2*b**2 + 21*b + b**2 + 16*b - 18 - 52*b. Calculate k(-14).
-4
Let x(r) = r - r**3 + 0 + 4*r**2 - 4*r - 3. Suppose 350 + 1090 = 4*z - 2*f, 2*z + 5*f = 708. Suppose z*u - 365*u = -24. What is x(u)?
-15
Let f(d) = d**2 - 6*d + 5. Let l = -260 + 143. Let q(n) = 2*n**2 - n + 1. Let h be q(8). Let o = h + l. What is f(o)?
-3
Let l(p) = -3*p - 2. Suppose 2*j + 25 = -3*j, 5*m + 1140 = -5*j. Let x = m - -219. Calculate l(x).
10
Suppose -6*w + 4*w = -4. Let p(o) = -15*o**w + 11*o + o**3 + 3 - 11*o**2 + 23*o**2 - 9*o. Calculate p(3).
9
Let p(v) = 10*v + 76. Suppose 4*n + 4*s = 2*n - 32, 4*s - 8 = 3*n. Calculate p(n).
-4
Let a(j) be the first derivative of 2*j**3/3 - 5*j**2/2 + j - 4848. Calculate a(3).
4
Suppose -68*d = -63*d + 5. Let l be 1 + 20/(6 + d). Suppose -l*n + n = h - 11, 3*n = -2*h + 7. Let j(k) = 17*k + 1. Give j(h).
-16
Let t(q) = 3*q**3 - 7*q**2 + 5*q - 4. Let i be ((-6)/12)/(1/4)*-1. Let h be t(i). Let u(s) be the first derivative of -s**3 + s**2 + s - 2. What is u(h)?
-7
Let p = -1996 - -1998. Let s(t) be the first derivative of 7/2*t**p - 1/3*t**3 - 5 - 8*t. Calculate s(6).
-2
Let p be 1 + -1 - (-3 + 1). Let m(k) = 5*k**2 - 3*k. Let q(l) = -2*l**2 + l. Let b(d) = -m(d) - q(d). Determine b(p).
-8
Let l(n) = -12*n**3 + 2*n**2 - 1. Let a(k) be the first derivative of -k**4/4 - 2*k**3 - 3*k**2 - 4*k - 471. Suppose -1 = -f - 6. Let v be a(f). Calculate l(v).
-11
Let h(b) = 2*b + 821. Let t(r) = -4*r - 2054. Let k(s) = -5*h(s) - 2*t(s). Let c(w) = -w**2 + 3*w - 3. Let y be c(3). Calculate k(y).
9
Suppose 0 = -5*y - 25, -7*l - 12 = -8*l + 2*y. Let a be l - (33/(-3) + 3 - -5). Let f(n) = -10*n + 3. Determine f(a).
-47
Suppose o - 5*c = -28, 12*o + c - 28 = 15*o. Let q be (-1)/((-2 - o)/(-12)). Let b(g) = 3 - 2*g - 2*g - 1. Give b(q).
-6
Suppose 2*f - 8 = 0, 8*q - 5*q + 2*f - 95 = 0. Suppose -t - 5*k - q = 0, 7*k = t + 9*k + 20. Let l(y) = -y**3 - 14*y**2 + 6. What is l(t)?
6
Let c(y) = -y**2 + 6*y - 2. Suppose -111*m + 89*m + 110 = 0. What is c(m)?
3
Let b(r) = 29. Let n(p) = -5*p + 64. Let i(a) = -3*b(a) + n(a). Determine i(-5).
2
Suppose -5*v + 3*v = -1110. Suppose -554*y = -v*y + 2. Let h(w) = w**2 - 3*w + 2. Calculate h(y).
0
Let y(n) = 395*n + 8*n**2 - 387*n - n**2 + 0*n**2 - 5*n**2. Let j(o) = -3*o + 6. Let p be j(4). Determine y(p).
24
Let m(r) = 14288*r**2 + 7 - 7 - 14290*r**2 + 17*r. Give m(5).
35
Let g(l) = l**3 + 24*l**2 + 44*l - 11. Suppose 0 = -7*m - 8*m - 5*m - 440. Give g(m).
-11
Let j = -1800 - -3601/2. Let g(m) be the first derivative of -j*m**2 - 1/3*m**3 + 22 + m. What is g(-3)?
-5
Suppose -8*g = -56 - 0. Suppose -g*i = -26*i - 190. Let u(x) = x**3 + 11*x**2 + 9*x - 12. Calculate u(i).
-2
Let n(i) = -369*i - 30. Let r(a) = -264*a - 20. Let m(b) = 5*n(b) - 7*r(b). Let w = 12 - 8. What is m(w)?
2
Let x be (0 - -3) + 4 + (-4 - 0). Let c be -20 - (x/2)/((-12)/16). Let y(w) = -21*w - 3. Let a(h) = -h. Let u(s) = c*a(s) + y(s). What is u(-5)?
12
Let l(x) be the second derivative of -x**3 + 10*x**2 - 18*x. Suppose 24 = 10*y + 17*y - 23*y. Determine l(y).
-16
Let a be 2*(-458)/(-4) - (-10 - -11). Let d = -233 + a. Let i(x) = -x**2 - 11*x - 7. What is i(d)?
23
Suppose 767*n - 3*u = 771*n + 94, 2*n - 5*u + 8 = 0. Let s(z) = -z + 45. Calculate s(n).
64
Let k = 19911 + -19909. Let p(h) be the first derivative of h**2 - 3*h + 2. Calculate p(k).
1
Let p(r) = -3 + 2*r**2 - 6*r**2 + 5*r**2 + 13 + 15. Calculate p(0).
25
Suppose -6347 = 313*o - 713. Let p(t) = t**2 + 7*t - 14. What is p(o)?
184
Suppose 2*x - 13*l + 15*l = -8, 7 = -x - 4*l. Let h(b) = -7*b + 4*b - 4 - b**2 - 2*b. Calculate h(x).
2
Let w(y) = y**2 + y - 1. Let l(q) = -2*q**3 + q**2 + q - 5. Let o(u) = l(u) - 4*w(u). Suppose 26*v = 27*v - 5*j - 12, -9 = -2*v + 5*j. Calculate o(v).
35
Suppose 10*g + 15 = 13*g. Let i(v) = -v**3 + v + 41. Let p be i(0). Let h(a) = 4 + 22*a - p*a + 21*a. Give h(g).
14
Let l(i) = 16*i - 50. Let d be ((-3)/(-21))/(-3*14/(-588)). What is l(d)?
-18
Let v(a) = -a + 17. Let f be v(14). Let r be (f - (-21)/(-6))/((-1)/8). Let c(w) = w**2 - 3*w + 2. Calculate c(r).
